[INFO] fetching crate cobweb 0.2.2...
[INFO] checking cobweb-0.2.2 against try#72f88fc4e9458f89516a0b8b0868f3718aec5b47 for pr-74989
[INFO] extracting crate cobweb 0.2.2 into /workspace/builds/worker-1/source
[INFO] validating manifest of crates.io crate cobweb 0.2.2 on toolchain 72f88fc4e9458f89516a0b8b0868f3718aec5b47
[INFO] running `Command { std: "/workspace/cargo-home/bin/cargo" "+72f88fc4e9458f89516a0b8b0868f3718aec5b47" "read-manifest" "--manifest-path" "Cargo.toml", kill_on_drop: false }`
[INFO] started tweaking crates.io crate cobweb 0.2.2
[INFO] finished tweaking crates.io crate cobweb 0.2.2
[INFO] tweaked toml for crates.io crate cobweb 0.2.2 written to /workspace/builds/worker-1/source/Cargo.toml
[INFO] running `Command { std: "/workspace/cargo-home/bin/cargo" "+72f88fc4e9458f89516a0b8b0868f3718aec5b47" "generate-lockfile" "--manifest-path" "Cargo.toml" "-Zno-index-update", kill_on_drop: false }`
[INFO] [stderr]     Blocking waiting for file lock on package cache
[INFO] running `Command { std: "/workspace/cargo-home/bin/cargo" "+72f88fc4e9458f89516a0b8b0868f3718aec5b47" "fetch" "--locked" "--manifest-path" "Cargo.toml", kill_on_drop: false }`
[INFO] [stderr] warning: only one of `license` or `license-file` is necessary
[INFO] [stderr]  Downloading crates ...
[INFO] [stderr]   Downloaded blake2 v0.7.1
[INFO] [stderr]   Downloaded keybob v0.3.1
[INFO] [stderr]   Downloaded tun-tap v0.1.2
[INFO] [stderr]   Downloaded tun-tap-mac v0.1.2
[INFO] running `Command { std: "docker" "create" "-v" "/var/lib/crater-agent-workspace/builds/worker-1/target:/opt/rustwide/target:rw,Z" "-v" "/var/lib/crater-agent-workspace/builds/worker-1/source:/opt/rustwide/workdir:ro,Z" "-v" "/var/lib/crater-agent-workspace/cargo-home:/opt/rustwide/cargo-home:ro,Z" "-v" "/var/lib/crater-agent-workspace/rustup-home:/opt/rustwide/rustup-home:ro,Z" "-e" "SOURCE_DIR=/opt/rustwide/workdir" "-e" "CARGO_TARGET_DIR=/opt/rustwide/target" "-e" "CARGO_HOME=/opt/rustwide/cargo-home" "-e" "RUSTUP_HOME=/opt/rustwide/rustup-home" "-w" "/opt/rustwide/workdir" "-m" "1610612736" "--user" "0:0" "--network" "none" "rustops/crates-build-env@sha256:d92eaeed33fa75130ca1ee6c8a01d1ffb62bac859dfdfb3450e3e5d1c0146529" "/opt/rustwide/cargo-home/bin/cargo" "+72f88fc4e9458f89516a0b8b0868f3718aec5b47" "metadata" "--no-deps" "--format-version=1", kill_on_drop: false }`
[INFO] [stdout] e782eaf617ca668169780c25245efed591df2b04bab132ce19932acbd8f7f6ce
[INFO] [stderr] WARNING: Your kernel does not support swap limit capabilities or the cgroup is not mounted. Memory limited without swap.
[INFO] running `Command { std: "docker" "start" "-a" "e782eaf617ca668169780c25245efed591df2b04bab132ce19932acbd8f7f6ce", kill_on_drop: false }`
[INFO] running `Command { std: "docker" "inspect" "e782eaf617ca668169780c25245efed591df2b04bab132ce19932acbd8f7f6ce", kill_on_drop: false }`
[INFO] running `Command { std: "docker" "rm" "-f" "e782eaf617ca668169780c25245efed591df2b04bab132ce19932acbd8f7f6ce", kill_on_drop: false }`
[INFO] [stdout] e782eaf617ca668169780c25245efed591df2b04bab132ce19932acbd8f7f6ce
[INFO] running `Command { std: "docker" "create" "-v" "/var/lib/crater-agent-workspace/builds/worker-1/target:/opt/rustwide/target:rw,Z" "-v" "/var/lib/crater-agent-workspace/builds/worker-1/source:/opt/rustwide/workdir:ro,Z" "-v" "/var/lib/crater-agent-workspace/cargo-home:/opt/rustwide/cargo-home:ro,Z" "-v" "/var/lib/crater-agent-workspace/rustup-home:/opt/rustwide/rustup-home:ro,Z" "-e" "SOURCE_DIR=/opt/rustwide/workdir" "-e" "CARGO_TARGET_DIR=/opt/rustwide/target" "-e" "CARGO_INCREMENTAL=0" "-e" "RUST_BACKTRACE=full" "-e" "RUSTFLAGS=--cap-lints=forbid" "-e" "CARGO_HOME=/opt/rustwide/cargo-home" "-e" "RUSTUP_HOME=/opt/rustwide/rustup-home" "-w" "/opt/rustwide/workdir" "-m" "1610612736" "--user" "0:0" "--network" "none" "rustops/crates-build-env@sha256:d92eaeed33fa75130ca1ee6c8a01d1ffb62bac859dfdfb3450e3e5d1c0146529" "/opt/rustwide/cargo-home/bin/cargo" "+72f88fc4e9458f89516a0b8b0868f3718aec5b47" "check" "--frozen" "--all" "--all-targets" "--message-format=json", kill_on_drop: false }`
[INFO] [stderr] WARNING: Your kernel does not support swap limit capabilities or the cgroup is not mounted. Memory limited without swap.
[INFO] [stdout] 5c360af06152a523a1de9e6c2d01d12a6755d18c4f7c2832123d15716cbf907b
[INFO] running `Command { std: "docker" "start" "-a" "5c360af06152a523a1de9e6c2d01d12a6755d18c4f7c2832123d15716cbf907b", kill_on_drop: false }`
[INFO] [stderr] warning: only one of `license` or `license-file` is necessary
[INFO] [stderr]     Blocking waiting for file lock on package cache
[INFO] [stderr]     Blocking waiting for file lock on package cache
[INFO] [stderr]    Compiling typenum v1.12.0
[INFO] [stderr]    Compiling byteorder v1.3.4
[INFO] [stderr]    Compiling maybe-uninit v2.0.0
[INFO] [stderr]     Checking futures v0.1.29
[INFO] [stderr]    Compiling semver-parser v0.7.0
[INFO] [stderr]     Checking scopeguard v1.1.0
[INFO] [stderr]     Checking slab v0.4.2
[INFO] [stderr]     Checking fnv v1.0.7
[INFO] [stderr]     Checking constant_time_eq v0.1.5
[INFO] [stderr]     Checking byte-tools v0.2.0
[INFO] [stderr]     Checking arrayref v0.3.6
[INFO] [stderr]    Compiling syn v1.0.40
[INFO] [stderr]     Checking fake-simd v0.1.2
[INFO] [stderr]     Checking safemem v0.3.3
[INFO] [stderr]     Checking zeroize v0.5.2
[INFO] [stderr]     Checking subtle v2.3.0
[INFO] [stderr]    Compiling crossbeam-utils v0.7.2
[INFO] [stderr]    Compiling memoffset v0.5.5
[INFO] [stderr]    Compiling crossbeam-epoch v0.8.2
[INFO] [stderr]     Checking rand_core v0.3.1
[INFO] [stderr]    Compiling tun-tap v0.1.2
[INFO] [stderr]    Compiling tun-tap-mac v0.1.2
[INFO] [stderr]     Checking lock_api v0.3.4
[INFO] [stderr]     Checking block-buffer v0.3.3
[INFO] [stderr]     Checking iovec v0.1.4
[INFO] [stderr]     Checking num_cpus v1.13.0
[INFO] [stderr]     Checking net2 v0.2.35
[INFO] [stderr]     Checking rand v0.5.6
[INFO] [stderr]    Compiling semver v0.9.0
[INFO] [stderr]     Checking smallvec v0.6.13
[INFO] [stderr]     Checking mio v0.6.22
[INFO] [stderr]    Compiling rustc_version v0.2.3
[INFO] [stderr]     Checking bytes v0.4.12
[INFO] [stderr]     Checking base64 v0.9.3
[INFO] [stderr]     Checking crossbeam-queue v0.2.3
[INFO] [stderr]    Compiling parking_lot_core v0.6.2
[INFO] [stderr]    Compiling parking_lot v0.9.0
[INFO] [stderr]     Checking crossbeam-deque v0.7.3
[INFO] [stderr]     Checking mio-uds v0.6.8
[INFO] [stderr]     Checking tokio-executor v0.1.10
[INFO] [stderr]     Checking tokio-io v0.1.13
[INFO] [stderr]     Checking tokio-sync v0.1.8
[INFO] [stderr]     Checking generic-array v0.12.3
[INFO] [stderr]     Checking generic-array v0.9.0
[INFO] [stderr]     Checking tokio-threadpool v0.1.18
[INFO] [stderr]     Checking tokio-current-thread v0.1.7
[INFO] [stderr]     Checking tokio-timer v0.2.13
[INFO] [stderr]     Checking tokio-codec v0.1.2
[INFO] [stderr]     Checking block-cipher-trait v0.6.2
[INFO] [stderr]     Checking dbl v0.2.1
[INFO] [stderr]     Checking crypto-mac v0.7.0
[INFO] [stderr]     Checking stream-cipher v0.3.2
[INFO] [stderr]     Checking digest v0.7.6
[INFO] [stderr]     Checking crypto-mac v0.6.2
[INFO] [stderr]     Checking crypto-mac v0.5.2
[INFO] [stderr]     Checking aes-soft v0.3.3
[INFO] [stderr]     Checking ctr v0.3.2
[INFO] [stderr]     Checking cmac v0.2.0
[INFO] [stderr]     Checking pmac v0.2.0
[INFO] [stderr]     Checking sha2 v0.7.1
[INFO] [stderr]     Checking hmac v0.6.3
[INFO] [stderr]     Checking blake2 v0.7.1
[INFO] [stderr]     Checking tokio-reactor v0.1.12
[INFO] [stderr]     Checking tokio-fs v0.1.7
[INFO] [stderr]     Checking pbkdf2 v0.2.3
[INFO] [stderr]     Checking tokio-tcp v0.1.4
[INFO] [stderr]     Checking tokio-uds v0.2.7
[INFO] [stderr]     Checking tokio-udp v0.1.6
[INFO] [stderr]     Checking aes v0.3.2
[INFO] [stderr]     Checking miscreant v0.4.2
[INFO] [stderr]     Checking tokio v0.1.22
[INFO] [stderr]     Checking tokio-core v0.1.17
[INFO] [stderr]    Compiling serde_derive v1.0.116
[INFO] [stderr]     Checking keybob v0.3.1
[INFO] [stderr]     Checking cobweb v0.2.2 (/opt/rustwide/workdir)
[INFO] [stdout] error[E0433]: failed to resolve: use of undeclared type or module `env`
[INFO] [stdout]   --> examples/vpn_server.rs:36:20
[INFO] [stdout]    |
[INFO] [stdout] 36 |     let loc_addr = env::args()
[INFO] [stdout]    |                    ^^^ use of undeclared type or module `env`
[INFO] [stdout] 
[INFO] [stdout] 
[INFO] [stdout] error[E0412]: cannot find type `SocketAddr` in this scope
[INFO] [stdout]   --> examples/vpn_server.rs:21:17
[INFO] [stdout]    |
[INFO] [stdout] 21 | struct VecCodec(SocketAddr);
[INFO] [stdout]    |                 ^^^^^^^^^^ not found in this scope
[INFO] [stdout]    |
[INFO] [stdout] help: consider importing one of these items
[INFO] [stdout]    |
[INFO] [stdout] 10 | use std::net::SocketAddr;
[INFO] [stdout]    |
[INFO] [stdout] 10 | use std::os::unix::net::SocketAddr;
[INFO] [stdout]    |
[INFO] [stdout] 
[INFO] [stdout] 
[INFO] [stdout] error[E0412]: cannot find type `SocketAddr` in this scope
[INFO] [stdout]   --> examples/vpn_server.rs:26:33
[INFO] [stdout]    |
[INFO] [stdout] 26 |     fn decode(&mut self, _src: &SocketAddr, buf: &[u8]) -> Result<Self::In> {
[INFO] [stdout]    |                                 ^^^^^^^^^^ not found in this scope
[INFO] [stdout]    |
[INFO] [stdout] help: consider importing one of these items
[INFO] [stdout]    |
[INFO] [stdout] 10 | use std::net::SocketAddr;
[INFO] [stdout]    |
[INFO] [stdout] 10 | use std::os::unix::net::SocketAddr;
[INFO] [stdout]    |
[INFO] [stdout] 
[INFO] [stdout] 
[INFO] [stdout] error[E0412]: cannot find type `SocketAddr` in this scope
[INFO] [stdout]   --> examples/vpn_server.rs:29:64
[INFO] [stdout]    |
[INFO] [stdout] 29 |     fn encode(&mut self, msg: Self::Out, buf: &mut Vec<u8>) -> SocketAddr {
[INFO] [stdout]    |                                                                ^^^^^^^^^^ not found in this scope
[INFO] [stdout]    |
[INFO] [stdout] help: consider importing one of these items
[INFO] [stdout]    |
[INFO] [stdout] 10 | use std::net::SocketAddr;
[INFO] [stdout]    |
[INFO] [stdout] 10 | use std::os::unix::net::SocketAddr;
[INFO] [stdout]    |
[INFO] [stdout] 
[INFO] [stdout] 
[INFO] [stdout] error[E0433]: failed to resolve: use of undeclared type or module `Tun`
[INFO] [stdout]   --> examples/vpn_server.rs:54:15
[INFO] [stdout]    |
[INFO] [stdout] 54 |     let tun = Tun::new(&handle)
[INFO] [stdout]    |               ^^^ not found in this scope
[INFO] [stdout]    |
[INFO] [stdout] help: consider importing this struct
[INFO] [stdout]    |
[INFO] [stdout] 10 | use cobweb::Tun;
[INFO] [stdout]    |
[INFO] [stdout] 
[INFO] [stdout] 
[INFO] [stdout] warning: unused import: `cobweb::EncryptedTun`
[INFO] [stdout]   --> examples/vpn_server.rs:13:5
[INFO] [stdout]    |
[INFO] [stdout] 13 | use cobweb::EncryptedTun;
[INFO] [stdout]    |     ^^^^^^^^^^^^^^^^^^^^
[INFO] [stdout]    |
[INFO] [stdout]    = note: `#[warn(unused_imports)]` on by default
[INFO] [stdout] 
[INFO] [stdout] 
[INFO] [stdout] warning: unused imports: `KeyType`, `Key`
[INFO] [stdout]   --> examples/vpn_server.rs:14:14
[INFO] [stdout]    |
[INFO] [stdout] 14 | use keybob::{Key, KeyType};
[INFO] [stdout]    |              ^^^  ^^^^^^^
[INFO] [stdout] 
[INFO] [stdout] 
[INFO] [stdout] error[E0107]: wrong number of type arguments: expected 2, found 1
[INFO] [stdout]   --> examples/vpn_server.rs:26:60
[INFO] [stdout]    |
[INFO] [stdout] 26 |     fn decode(&mut self, _src: &SocketAddr, buf: &[u8]) -> Result<Self::In> {
[INFO] [stdout]    |                                                            ^^^^^^^^^^^^^^^^ expected 2 type arguments
[INFO] [stdout] 
[INFO] [stdout] 
[INFO] [stdout] error: aborting due to 6 previous errors; 2 warnings emitted
[INFO] [stdout] 
[INFO] [stdout] 
[INFO] [stdout] Some errors have detailed explanations: E0107, E0412, E0433.
[INFO] [stdout] 
[INFO] [stdout] For more information about an error, try `rustc --explain E0107`.
[INFO] [stdout] 
[INFO] [stderr] error: could not compile `cobweb`.
[INFO] [stderr] 
[INFO] [stderr] To learn more, run the command again with --verbose.
[INFO] [stderr] warning: build failed, waiting for other jobs to finish...
[INFO] [stdout] warning: unused `futures::stream::Map` in tuple element 0 that must be used
[INFO] [stdout]   --> examples/vpn_client.rs:84:5
[INFO] [stdout]    |
[INFO] [stdout] 84 | /     core.run(sender.join(receiver))
[INFO] [stdout] 85 | |         .unwrap();
[INFO] [stdout]    | |__________________^
[INFO] [stdout]    |
[INFO] [stdout]    = note: `#[warn(unused_must_use)]` on by default
[INFO] [stdout]    = note: streams do nothing unless polled
[INFO] [stdout] 
[INFO] [stdout] 
[INFO] [stdout] warning: unused `With` in tuple element 1 that must be used
[INFO] [stdout]   --> examples/vpn_client.rs:84:5
[INFO] [stdout]    |
[INFO] [stdout] 84 | /     core.run(sender.join(receiver))
[INFO] [stdout] 85 | |         .unwrap();
[INFO] [stdout]    | |__________________^
[INFO] [stdout]    |
[INFO] [stdout]    = note: sinks do nothing unless polled
[INFO] [stdout] 
[INFO] [stdout] 
[INFO] [stdout] warning: 2 warnings emitted
[INFO] [stdout] 
[INFO] [stdout] 
[INFO] [stderr] error: build failed
[INFO] running `Command { std: "docker" "inspect" "5c360af06152a523a1de9e6c2d01d12a6755d18c4f7c2832123d15716cbf907b", kill_on_drop: false }`
[INFO] running `Command { std: "docker" "rm" "-f" "5c360af06152a523a1de9e6c2d01d12a6755d18c4f7c2832123d15716cbf907b", kill_on_drop: false }`
[INFO] [stdout] 5c360af06152a523a1de9e6c2d01d12a6755d18c4f7c2832123d15716cbf907b
